93 is divided by 117?
108
Calculate the remainder when 284 is divided by 22.
20
What is the remainder when 5456 is divided by 909?
2
What is the remainder when 5765 is divided by 6?
5
What is the remainder when 52 is divided by 2?
0
Calculate the remainder when 299 is divided by 79.
62
What is the remainder when 716 is divided by 18?
14
Calculate the remainder when 215 is divided by 20.
15
What is the remainder when 66 is divided by 28?
10
What is the remainder when 746 is divided by 22?
20
What is the remainder when 2572 is divided by 33?
31
What is the remainder when 147 is divided by 18?
3
What is the remainder when 285 is divided by 32?
29
Calculate the remainder when 2144 is divided by 2133.
11
What is the remainder when 171 is divided by 22?
17
Calculate the remainder when 1610 is divided by 325.
310
Calculate the remainder when 259 is divided by 249.
10
What is the remainder when 736 is divided by 17?
5
What is the remainder when 200 is divided by 12?
8
What is the remainder when 171 is divided by 102?
69
What is the remainder when 62 is divided by 58?
4
What is the remainder when 127 is divided by 23?
12
Calculate the remainder when 135 is divided by 18.
9
What is the remainder when 477 is divided by 101?
73
Calculate the remainder when 2554 is divided by 8.
2
What is the remainder when 203 is divided by 41?
39
Calculate the remainder when 70 is divided by 19.
13
What is the remainder when 248 is divided by 38?
20
What is the remainder when 155 is divided by 55?
45
Calculate the remainder when 138 is divided by 11.
6
What is the remainder when 121 is divided by 5?
1
Calculate the remainder when 5629 is divided by 352.
349
What is the remainder when 338 is divided by 58?
48
What is the remainder when 696 is divided by 71?
57
Calculate the remainder when 341 is divided by 57.
56
What is the remainder when 7275 is divided by 140?
135
Calculate the remainder when 222 is divided by 32.
30
Calculate the remainder when 219 is divided by 19.
10
Calculate the remainder when 759 is divided by 388.
371
Calculate the remainder when 3094 is divided by 382.
38
What is the remainder when 3651 is divided by 53?
47
What is the remainder when 68263 is divided by 184?
183
Calculate the remainder when 297 is divided by 35.
17
What is the remainder when 177 is divided by 18?
15
What is the remainder when 269 is divided by 88?
5
Calculate the remainder when 44 is divided by 25.
19
Calculate the remainder when 80 is divided by 71.
9
Calculate the remainder when 321 is divided by 19.
17
Calculate the remainder when 12580 is divided by 23.
22
What is the remainder when 861 is divided by 192?
93
Calculate the remainder when 27386 is divided by 51.
50
What is the remainder when 245 is divided by 6?
5
What is the remainder when 197 is divided by 48?
5
Calculate the remainder when 129 is divided by 37.
18
What is the remainder when 299 is divided by 109?
81
Calculate the remainder when 1324 is divided by 147.
1
Calculate the remainder when 1133 is divided by 55.
33
Calculate the remainder when 6718 is divided by 3351.
16
Calculate the remainder when 79 is divided by 9.
7
Calculate the remainder when 1251 is divided by 38.
35
What is the remainder when 7971 is divided by 55?
51
Calculate the remainder when 2323 is divided by 155.
153
What is the remainder when 2363 is divided by 125?
113
What is the remainder when 106 is divided by 41?
24
Calculate the remainder when 391 is divided by 89.
35
What is the remainder when 69 is divided by 20?
9
Calculate the remainder when 8 is divided by 2.
0
What is the remainder when 31 is divided by 11?
9
Calculate the remainder when 30 is divided by 24.
6
Calculate the remainder when 991 is divided by 7.
4
What is the remainder when 7340 is divided by 24?
20
What is the remainder when 1039 is divided by 10?
9
Calculate the remainder when 124 is divided by 6.
4
Calculate the remainder when 117 is divided by 21.
12
What is the remainder when 1418 is divided by 38?
12
Calculate the remainder when 567 is divided by 8.
7
Calculate the remainder when 546 is divided by 90.
6
What is the remainder when 1445 is divided by 146?
131
What is the remainder when 95 is divided by 34?
27
What is the remainder when 402 is divided by 13?
12
What is the remainder when 1795 is divided by 29?
26
Calculate the remainder when 3477 is divided by 15.
12
What is the remainder when 51 is divided by 29?
22
What is the remainder when 61 is divided by 17?
10
What is the remainder when 138 is divided by 73?
65
What is the remainder when 544 is divided by 19?
12
Calculate the remainder when 987 is divided by 13.
12
What is the remainder when 668 is divided by 21?
17
Calculate the remainder when 359 is divided by 25.
9
Calculate the remainder when 712 is divided by 105.
82
What is the remainder when 74 is divided by 19?
17
What is the remainder when 340 is divided by 38?
36
What is the remainder when 6559 is divided by 655?
9
What is the remainder when 152 is divided by 107?
45
Calculate the remainder when 279 is divided by 36.
27
What is the remainder when 588 is divided by 31?
30
What is the remainder when 343 is divided by 125?
93
What is the remainder when 34758 is divided by 5?
3
What is the remainder when 3053 is divided by 47?
45
Calculate the remainder when 149 is divided by 70.
9
Calculate the remainder when 1116 is divided by 43.
41
Calculate the remainder when 4219 is divided by 13.
7
Calculate the remainder when 2867 is divided by 27.
5
Calculate the remainder when 136 is divided by 63.
10
What is the remainder when 15933 is divided by 332?
329
What is the remainder when 428 is divided by 87?
80
What is the remainder when 16 is divided by 9?
7
What is the remainder when 313 is divided by 20?
13
Calculate the remainder when 882 is divided by 17.
15
What is the remainder when 488 is divided by 159?
11
What is the remainder when 224 is divided by 39?
29
What is the remainder when 21885 is divided by 11?
6
Calculate the remainder when 1448 is divided by 97.
90
What is the remainder when 235 is divided by 77?
4
What is the remainder when 104 is divided by 52?
0
Calculate the remainder when 1213 is divided by 14.
9
What is the remainder when 150 is divided by 63?
24
What is the remainder when 699 is divided by 35?
34
What is the remainder when 236 is divided by 34?
32
Calculate the remainder when 379 is divided by 20.
19
What is the remainder when 92 is divided by 20?
12
What is the remainder when 522 is divided by 111?
78
Calculate the remainder when 459 is divided by 42.
39
Calculate the remainder when 214 is divided by 40.
14
What is the remainder when 34 is divided by 12?
10
What is the remainder when 888 is divided by 46?
14
Calculate the remainder when 71 is divided by 46.
25
What is the remainder when 340 is divided by 11?
10
Calculate the remainder when 77 is divided by 67.
10
What is the remainder when 13071 is divided by 86?
85
Calculate the remainder when 4360 is divided by 150.
10
What is the remainder when 1346 is divided by 435?
41
Calculate the remainder when 3520 is divided by 40.
0
Calculate the remainder when 203 is divided by 119.
84
What is the remainder when 4077 is divided by 68?
65
Calculate the remainder when 1817 is divided by 10.
7
What is the remainder when 1923 is divided by 26?
25
What is the remainder when 1976 is divided by 85?
21
Calculate the remainder when 388 is divided by 26.
24
Calculate the remainder when 184 is divided by 11.
8
Calculate the remainder when 17812 is divided by 8.
4
Calculate the remainder when 478 is divided by 99.
82
What is the remainder when 2444 is divided by 245?
239
What is the remainder when 180 is divided by 61?
58
What is the remainder when 5082 is divided by 41?
39
Calculate the remainder when 1529 is divided by 95.
9
What is the remainder when 34 is divided by 14?
6
What is the remainder when 243 is divided by 23?
13
Calculate the remainder when 541 is divided by 140.
121
What is the remainder when 320 is divided by 14?
12
What is the remainder when 105 is divided by 42?
21
What is the remainder when 1731 is divided by 34?
31
What is the remainder when 5248 is divided by 30?
28
Calculate the remainder when 2632 is divided by 155.
152
What is the remainder when 235 is divided by 61?
52
Wh